e tens digit of (-1)/(-2) - (0 + (-1145)/10)?
1
Suppose 2*m - 54 = -2*n, -4*m = 4*n - m - 111. What is the tens digit of n?
3
Suppose 4*b - 3*a = -8*a - 21, -a - 9 = 2*b. Suppose 4*o = 4*c + 36, -o - 2*c - 6 = 2*c. Let t = b + o. What is the units digit of t?
2
Suppose -11*o + 936 = 2*o. What is the tens digit of o?
7
Let f = 6 + 8. Let a = -6 + f. What is the units digit of a?
8
Let n(w) = 5*w**3 + w**2 + w - 1. Let k be n(1). Let i be (-2)/(-3) + 2/k. Suppose -2*z + 4*v - v + 29 = 0, 2*z = -3*v - i. What is the units digit of z?
7
Suppose 0 = o - 5*o + 64. Let l = 30 - o. What is the units digit of l?
4
Suppose 0*f - 12 = 2*f. Let o = f - -19. What is the tens digit of o?
1
Let k(x) be the second derivative of x**4/6 + 2*x**3/3 - x**2/2 + 2*x. What is the units digit of k(-4)?
5
Let r = 49 + 184. What is the units digit of r?
3
Let b be 3 + 1 - (-2 - -3). Suppose -h + b*z - 6 = 0, 3*z = -2*z + 10. Suppose 0 = -h*v + v - 7. What is the units digit of v?
7
Let j = 0 + 2. Suppose 2*c - 4*c + 6 = 0. Suppose j*g + c*g - 60 = 0. What is the units digit of g?
2
Let f = 87 - 37. What is the tens digit of f?
5
Let a = 16 + 4. What is the tens digit of 28 + 5*8/a?
3
Let y = 56 - -5. What is the tens digit of y?
6
Let x be (84/10)/((-6)/(-20)). Let y be x/(-6)*(-3)/2. Let p = 19 - y. What is the tens digit of p?
1
Suppose -3 = -3*q + 4*o + 26, -5*q = 2*o - 31. What is the units digit of q?
7
Let m = 32 + -6. What is the tens digit of m?
2
Let h = 5 + -5. Let d(r) = -r + 3. Let q be d(4). Let s = h - q. What is the units digit of s?
1
Let d(u) = u**3 + 4*u**2 - 6*u - 1. Let v be d(-5). Suppose -2*l = -v*l + 16. What is the units digit of l?
8
Suppose 2*p = -2*b + 100, 2*p = 5*p + 4*b - 154. Suppose 9 - p = -2*z - m, z - 3*m - 29 = 0. What is the tens digit of z?
2
Let f(c) = c**3 - 7*c**2 + 6*c + 7. Suppose 0 = -2*u - 0*u + 12. What is the units digit of f(u)?
7
Let m(g) = g**2 + 3*g + 2. Let w be (6/(-4))/((-2)/(-4)). Let r be m(w). Suppose -p + 6 = r*p. What is the units digit of p?
2
What is the units digit of (102/(-1))/(3 + 44/(-12))?
3
Suppose 33 = 4*t - 0*t - 5*h, -3*t + 26 = -4*h. What is the units digit of t?
2
Suppose 8*c = 539 + 549. What is the hundreds digit of c?
1
Suppose 4*i + 5*s = -8, -i + 6*i + 5*s + 5 = 0. Suppose b - i*v = -v + 12, 4*v - 4 = -5*b. Suppose m = 2 + b. What is the units digit of m?
6
Let z = 188 - 51. What is the hundreds digit of z?
1
Suppose a = 3*y + 21, -a - 5*y = 4*a - 85. What is the tens digit of a?
1
Let z(a) = 7*a**2 + 3*a - 4. Let h be z(-3). Let u = h + -36. What is the units digit of u?
4
Let k = 11 - 3. What is the units digit of k?
8
Suppose 0 = 3*h - h. Suppose h*a + 3 = a. Suppose t - a = -2. What is the units digit of t?
1
What is the units digit of (1 - 5/3)/((-30)/135)?
3
Suppose -u - 106 = -394. What is the hundreds digit of u?
2
Let q be (-1 - -7)/((-2)/(-7)). What is the units digit of (-3)/(-7) - (-474)/q?
3
Let h be (-40)/(-7) + (-2)/(-7). Let b be ((-180)/50)/(h/(-20)). Suppose 29 = 3*k + a, -5*k - b = -4*a - 83. What is the units digit of k?
1
Let s(u) = -2*u + 195. Let n be s(0). Suppose 4*k = 9*k - n. What is the tens digit of k?
3
Let p(n) be the second derivative of -n**4/12 + 5*n**3/6 + 5*n**2/2 - 17*n. Suppose 0 = 4*g - 5*a + 9 - 40, -6 = 2*a. What is the units digit of p(g)?
9
Let g be 61/(-7) - (-2)/(-7). Suppose -5*m = -4*x + 21 + 41, -5*x + m = -67. Let w = g + x. What is the units digit of w?
4
Suppose -2*m + 99 = m. Suppose 2*r + 5*o = 31, -5*o + m + 7 = 5*r. What is the units digit of r?
3
Let d(f) = 10*f**2 - 4*f + 5. What is the units digit of d(3)?
3
Let w be 4/8*4/1. Let o(r) = -3 + 3 + 3*r - 3*r**2 + 5*r**w. What is the units digit of o(-2)?
2
Let f be ((-27)/2)/((-12)/16). Suppose 0*p + f = p. What is the units digit of p?
8
Suppose 4*r - 2*b + 5*b - 157 = 0, 5*r + 4*b = 196. What is the units digit of r?
0
Let c = 60 + -36. What is the tens digit of c?
2
Let h(x) = -x**2 + 27*x + 1. What is the hundreds digit of h(19)?
1
Let a = 409 + -220. What is the tens digit of a?
8
Let o = -275 + 425. What is the tens digit of o?
5
Let b(p) = -2*p - 7. Suppose 0 = -0*a + 2*a - 4*j + 26, -2*a = 4*j + 2. Let o be b(a). Let f = o + 6. What is the tens digit of f?
1
Suppose 4*t + 4*j + 0*j = 196, -3 = j. What is the tens digit of t?
5
Suppose 0*v + 492 = 4*v. What is the units digit of v?
3
Suppose 2*y + 3*h - 9 = -2*h, -3*y - 3*h = -9. Let q(i) = i**2 + 7*i + 8. Let x be q(-9). Suppose y*g - x = -0*g. What is the tens digit of g?
1
Suppose o - 5*o = -4. Let z be 12/18*o*-3. What is the tens digit of (-11)/2*z - -3?
1
Let o = 23 - -35. What is the units digit of o?
8
Let h(r) = 7*r**3 - 12*r**2 + r + 0*r - 3*r**3 - 3*r**3 + 3. What is the tens digit of h(12)?
1
Suppose 3*k + 6 = -3. What is the units digit of 3/2*(-2)/k?
1
What is the units digit of 2/(-5) + (1 - 1244/(-10))?
5
Suppose -a = -4*a - 6. What is the units digit of (a/2 - -17)/1?
6
Suppose -79*b = -74*b - 420. What is the tens digit of b?
8
Suppose 2*i - 39 = -5*c, -21 - 3 = -4*c - 4*i. Suppose -2*w + 1 = -p, 3*p - 1 - 4 = 2*w. Suppose h - g = 5, 0*h + c = h + p*g. What is the units digit of h?
6
Suppose 3*t = -0 - 6. What is the tens digit of t*15/(-12)*10?
2
Let u be (-9)/(-4) - (-2)/(-8). Suppose u*p = -2*p - 24. What is the units digit of (2/(-4))/(3/p)?
1
What is the tens digit of 7/(-14) + (-145)/(-2)?
7
Let s be (24/(-10))/(-3)*5. Let o = s - -12. What is the units digit of o?
6
What is the hundreds digit of (-2 + 6)*2/8 + 169?
1
Suppose -2*g = 3*g + 2*u - 29, 2*g + 4*u = 2. What is the units digit of g?
7
Let h(k) = k**2 - 11*k + 11. What is the tens digit of h(15)?
7
Let g(f) = f**3 - 13*f**2 + f - 12. What is the units digit of g(13)?
1
Let j be -12 - (3/(-1) - -1). What is the tens digit of 1/(29/j + 3)?
1
What is the tens digit of (-1 + 0)/1*-29?
2
Suppose 296 = 3*u + 38. What is the units digit of u?
6
Let k(g) = 7*g - 50. Let h(p) = 10*p - 75. Let z(d) = -5*h(d) + 7*k(d). What is the units digit of z(12)?
3
Let a be (4/(-10))/(10/(-600)). Let v = 22 + a. What is the units digit of v?
6
Let k = 25 + 261. What is the hundreds digit of k?
2
Let q be (4/2)/(2/16). Suppose -o = l - 0 - 1, 4*o + l = q. What is the units digit of o?
5
Let y(x) = x + x + 17 - 3*x. Suppose -4*c = -7*c + 24. What is the units digit of y(c)?
9
Let a(j) = -1 - 15*j + 8*j + 1. What is the units digit of a(-6)?
2
Let x(j) = 2*j**2 + 13*j + 2. What is the tens digit of x(-8)?
2
Let p(a) = a**2 - 8*a + 2. Suppose 3*c - 15 = -q + 3, -4*c = -3*q - 24. Let k be c*2*(-2)/(-3). What is the units digit of p(k)?
2
What is the units digit of -1 - (-1 + 1) - -107?
6
Let u(t) = 3*t**2 - t. Let y be u(1). Let f(k) = -k + 1. Let m be f(1). Suppose 4*x - 36 + 11 = -5*z, m = -y*z + x + 23. What is the units digit of z?
9
Let q(i) = -7*i**2 + 7*i - 1. Let v(b) = 6*b**2 - 8*b + 1. Let w(m) = -6*q(m) - 5*v(m). What is the tens digit of w(1)?
1
Let f(r) = -r**3 - 4*r**2 - 2. Let o be f(-4). Let c be 1/1*(-2)/o. Suppose 2*b - 2*d - c = 9, -4*b - d = -40. What is the units digit of b?
9
What is the units digit of (-3)/(30/4)*-15?
6
Let w be 96*(-1)/(-6)*4. Let n = w + -17. What is the tens digit of n?
4
Let u(j) = -j**2 - 10*j + 9. Let m be u(-8). Suppose -5*q - 6*p + p + m = 0, -p - 7 = -5*q. What is the units digit of q?
2
Suppose -s = 1 + 17. What is the units digit of (2 - s - 2) + -2?
6
Let p = -88 - -129. What is the tens digit of p?
4
Let i be 2/12 + 22/12. Suppose -5*w = -5*o, 2*o - 2*w = 3*o - 12. Suppose -i*g = -4*t + 48, 0 = -7*t + 3*t - o*g + 60. What is the units digit of t?
3
Suppose -6 = -0*s + s. Let m = -4 - s. Suppose 0*h + 3*h = x - 17, x - 13 = m*h. What is the units digit of x?
5
Let a = 2 - 0. Suppose 5*j = 2*f + a, -2*j = j + 2*f + 2. Suppose 48 = 5*k - j*k + b, -42 = -4*k + b. What is the tens digit of k?
1
Let y be 3/18 - 286/(-12). What is the tens digit of y + 2 + (-2)/(-1)?
2
What is the tens digit of (-9)/18*94/(-1)?
4
Suppose 3*s = j + 21, -18 + 0 = -s + 4*j. Suppose -s*x = -2*x - 52. What is the units digit of x?
3
Let z = -11 - -9. Let g be z - -1 - (-6 + 3). Suppose -1 = -t + g. What is the units digit of t?
3
Let m be 12/(-4) + 2 + 7. Suppose 0 = -2*f - m + 40. What is the tens digit of f?
1
Let a(v) = -v**3 - v**2 - v + 2. Le